 n + v. What is the units digit of a?
9
Suppose 0 = -83*d - 47624 + 242176. What is the thousands digit of d?
2
Suppose -3393 = -34*a - 673. What is the tens digit of a?
8
Let o be 18/(-9)*(-10)/1. Suppose 5*r = 4*r + o. What is the units digit of r?
0
Let q = 8 + -12. Suppose -2*n = n + 12, 2 = 3*x + 4*n. Let r = x + q. What is the units digit of r?
2
Suppose -3*y = -2*y - 13. Suppose -4*w - 225 = -y*w. What is the tens digit of -7*2*w/(-7)?
5
Suppose 0 = -9*i - 219 + 4098. What is the tens digit of i?
3
Let l(n) = 2*n**2 - 5*n + 301. What is the hundreds digit of l(29)?
8
Let i(n) be the third derivative of -n**6/120 + 3*n**5/20 - n**4/4 + 2*n**3/3 - 13*n**2. What is the units digit of i(5)?
4
Suppose -5*c + 5 + 55 = 0. Suppose -6*b + c*b - 390 = 0. What is the units digit of b?
5
What is the units digit of (-4)/(-8)*24516/18?
1
Let h(r) = -r**3 + 28*r**2 - 35*r - 85. What is the units digit of h(19)?
9
What is the hundreds digit of 687 - (-9 + 21)/4?
6
Suppose 0 = 6*y + 3 + 15. What is the tens digit of (-12)/(-8)*2/y - -104?
0
What is the units digit of (2720/(-200))/((-2)/170)?
6
Let o(j) = j**3 - 3*j + 3. Let u be o(4). What is the tens digit of -5 - (u + 1)*-5?
7
Suppose 3*q - 2*d - 10035 = 0, 2*d - 4270 + 24334 = 6*q. What is the tens digit of q?
4
Suppose -2*x - 5*b + 2280 = 3*x, 5*x - 2298 = 4*b. What is the tens digit of x?
5
Suppose m + r = -2*m - 13, 4*m + 20 = -4*r. What is the tens digit of 3 + m/(-12)*177?
6
Suppose 4*a - 4 = -12. What is the tens digit of (-1)/(((-6)/(-207))/a)?
6
Let h = 32 - 24. Suppose -3*v = -h*v + 110. What is the units digit of v?
2
Suppose 0 = 3*f + 49 + 389. Let l = f - -281. Suppose 2*b = 7*b - l. What is the units digit of b?
7
Let v be 1*9 - (0 - 2). Let f be -1*6/((-24)/364). Suppose -v = 5*a - f. What is the units digit of a?
6
Let s(k) be the third derivative of -k**6/120 - k**5/15 + k**4/12 - 2*k**3/3 + 12*k**2. Let f be s(-3). Let b = f + 54. What is the tens digit of b?
3
Let c = 20 + -8. Suppose -5*u = -2*y + c, -2*y + 2*u - 4 = y. Let p(r) = -6*r - 2. What is the units digit of p(y)?
2
Let m(d) = -13*d + 18*d - 18*d + 7 - d**2 + 0. What is the units digit of m(-11)?
9
What is the hundreds digit of (-7282)/((-13)/((-52)/(-8)))?
6
Let m be -63*2/(-12)*2. Suppose 5*i + 1 = m. Suppose -2*y - 6 = 0, i*d - 5 = 3*d - 4*y. What is the units digit of d?
7
What is the units digit of (-1848909)/(-456) - (-5)/(-8)?
4
Suppose -4*y - 293 = 3. Let x = y + 143. What is the units digit of 20/(-25) + x/5?
3
Let a(w) be the first derivative of w**3/3 + 5*w**2 - 2*w + 8. What is the units digit of a(5)?
3
Suppose 3*a - 9 = 0, 4*c + c + 4*a - 32 = 0. Suppose -c*w + 6 = 38. What is the units digit of 2/w - 39/(-12)?
3
Suppose o + 15 = 12. What is the units digit of ((-30)/25)/o*355?
2
Let c(n) be the third derivative of n**6/120 - 13*n**5/60 + 5*n**4/24 - 5*n**3/2 + 7*n**2. Let f be c(13). Let o = -30 + f. What is the tens digit of o?
2
Let g be (-2 + 1)*31*-1. Let q = 47 - g. What is the units digit of q?
6
Suppose d + 0*d + 5 = 0. Let h(r) = -r**3 - 3*r**2 + 10*r + 2. Let v be h(d). What is the tens digit of (-1)/v - 497/(-14)?
3
Let f(y) = -y**3 - 8*y**2 - 2*y - 3. Suppose 25 = 4*j + 5. Suppose 5*w - j*c + 15 = 0, -3*w - 60 = 2*w + 4*c. What is the units digit of f(w)?
3
Suppose w - 187 = -3*u + 44, 88 = u + 4*w. Let o = u - 54. What is the units digit of o*(0 + 2)/4?
1
Let f(z) = 39*z - 13. Let q be f(-8). Let u = -30 - q. What is the tens digit of u?
9
Let z be (6/(-8))/((-3)/8). Suppose -z*t + 45 = 19. Suppose 4*w = 0, -c - 3*w = -2*c + t. What is the tens digit of c?
1
Let t(w) = -w**2 - 14*w + 35. Let x be t(-16). Let p(c) = 3*c + 7. What is the tens digit of p(x)?
1
Let v(c) = 6*c - 17. Let o(h) = -3*h + 9. Let u(y) = 5*o(y) + 2*v(y). Let g be -2 - (-12)/(-1 - 0). What is the tens digit of u(g)?
5
What is the tens digit of 1304/(-96)*-4 - (-4)/6?
5
Suppose 89 = -5*y + 109. Let z = -180 + 288. Suppose 4*w + 0*u = -2*u + z, w + y*u - 41 = 0. What is the tens digit of w?
2
Let u(d) = 4*d**2 + 10*d + 10. What is the hundreds digit of u(21)?
9
What is the hundreds digit of 2/13 - 7564/(-13)?
5
What is the tens digit of 1/((-32543)/(-8134) - 4)?
6
Let y(t) = t**2 + 6*t - 2. Let b be y(-9). Suppose 0 = -r + b + 16. What is the tens digit of -1 + 0 + (r - 4)?
3
Suppose 0 = 3*o + 5*u + 7 + 36, -2*o - 27 = 3*u. Let q(z) = 7*z**2 - 19. What is the units digit of q(o)?
3
Suppose -5*k = -4*w + 2084, 2*w - 1 = 1. Let j = 597 + k. What is the tens digit of j?
8
Let j be (30/27)/5 + 172/36. What is the tens digit of 12/(-60) + 81/j?
1
Let k(d) = -7*d - 61. What is the units digit of k(-32)?
3
Let p(q) = q**3 + 17*q**2 + 16*q - 6. Let n be p(-16). What is the tens digit of n/(-4) - 414/(-12)?
3
Suppose k + 16 = -q - 3*k, -3*q + k = -17. Suppose -n + q*n - 153 = 0. What is the units digit of n?
1
What is the tens digit of 90*(237/15 + -5)?
7
Let j(m) be the second derivative of 5*m**4/12 - m**3/2 - 3*m**2 - 3*m. What is the tens digit of j(4)?
6
Let a = 1381 + -709. What is the tens digit of a?
7
Let p = -5 + 29. Let c(k) = k**3 + k**2 - 9*k - 6. Let r be c(-3). What is the tens digit of 14/4*p/r?
2
Let y be (-19033)/(-77) + 6/(-33). Suppose 0 = -a - 5*p + 178, -5*a + 553 + y = -5*p. What is the hundreds digit of a?
1
Let r(m) = m**2 - 20*m + 4. Let c be r(20). Suppose 4*d - 4*w = 292, -d + 64 = -0*d - c*w. What is the units digit of d?
6
Suppose 0 = -3*j + 4222 + 1760. What is the thousands digit of j?
1
Suppose -10*z - 4*p + 14 = -7*z, 0 = 2*z - p - 2. Suppose -152 = -o + z*l, -2*l = -o - 7*l + 124. What is the tens digit of o?
4
Suppose -4*y - 42 = 110. Let p = -24 - y. Suppose -t + p = 1. What is the units digit of t?
3
Let v(i) be the second derivative of -i**4/12 + i**3/6 + 3*i**2/2 + 5*i. Let r be v(3). What is the units digit of (3/2)/(r/(-8))?
4
Let s be (-6)/(-12) + (-454)/(-4). Suppose -2*b + 0*l - 213 = 5*l, l = -b - s. Let m = b + 182. What is the tens digit of m?
6
Suppose 4*y - 5*a = 4, 5*a = 4*y - 2*y - 2. What is the units digit of 0/y + (-2 - -3)?
1
Suppose -9*d + 4*d = -75. Suppose v = 3*h - d, 2*v + h - 2 = 3. Suppose -5*z - 5*k + 3*k = -47, v = -3*z - 3*k + 30. What is the units digit of z?
9
Suppose l = o + 4*l - 289, -o - 2*l = -287. Let h = -41 + o. What is the tens digit of h?
4
Suppose 5*r + 36 = 8*r. Let f be 1/(-2) + 6/r. Suppose 3*m - u - 49 = 0, f = -5*u + 5 + 5. What is the tens digit of m?
1
Let q(g) = -35*g**3 - 2*g**2 - 2*g - 1. Let l(m) = -m. Let d(r) = -r**2 - r + 1. Let v(i) = -d(i) - l(i). Let n be v(-2). What is the tens digit of q(n)?
3
Suppose -5*n = 3*t - 342, -n - 45 - 196 = -2*t. Suppose 0 = -18*r + 17*r + t. What is the tens digit of r?
1
Suppose -3*n + 66 = -0*n. Let k = -17 + n. Suppose -2*a + 3*b = -49, k*a - 112 - 22 = -4*b. What is the units digit of a?
6
Let s(y) = -y**2 + 3*y + 1. Let t be s(2). Let a = t + -1. Suppose -37 + 3 = -a*q - r, -5*r = -10. What is the units digit of q?
6
Suppose -20 = -4*k, -6*k + 4*k + 3960 = 5*z. What is the tens digit of z?
9
Let i(w) = -2*w**3 + 23*w**2 + 23*w - 23. What is the hundreds digit of i(11)?
3
Suppose 0 = 5*h - 3*i + 14, -4*h + 4*i = -0*i + 8. What is the tens digit of ((-2)/h)/((-8)/(-496))?
3
Let m(y) = y**2 + 15*y. Let j be m(-10). Let b be (32/(-20))/((-4)/j). What is the tens digit of (-466)/(-10) - b/50?
4
Let d be (-1 + 17)*(-9)/6. Let j = d + 26. Suppose j*w + 3*n + 7 = 91, 94 = 2*w - 2*n. What is the tens digit of w?
4
Suppose -o = -4 + 32. Let p be 4 - 5 - (o + -1). What is the tens digit of ((-8)/5)/(p/(-350))?
2
Suppose -7672 = -9*z + 2129. What is the units digit of z?
9
What is the thousands digit of (-18)/99 + 3 + 75618/22?
3
What is the units digit of 2/(-8 + 12530/1565)?
3
What is the thousands digit of ((-25512)/16)/((-12)/8)?
1
Let t = -98 - -85. Let o = 25 + t. What is the tens digit of o?
1
Suppose c - 4*d + 0 = 21, -d - 19 = -3*c. Suppose -4*l - 5*q - 8 = 0, -4*l + 20 = -c*q - 12. Let t(z) = 9*z - 3. What is the tens digit of t(l)?
2
Suppose -10552 = 57*a - 47374. What is the hundreds digit of a?
6
Suppose 0 = 23*j - 18*j - 60. What is the units digit of j?
2
Suppose -3*h - 151 = -34. Let s be (36/(-10))/(2/(-40)). Let m = h + s. What is the tens digit of m?
3
Let l be (0 + 8)/((-17)/(34/4)). Suppose c